ose 12*a - 125109 = 10*a - 3*h, -62541 = -a - 3*h. List the prime factors of a.
2, 3, 11, 79
Suppose y = 3*p - 3*y - 13, 4*y = -3*p + 5. Suppose 651 = -p*g + 1950. List the prime factors of g.
433
Let k = 37 + -34. Let j(x) = 10*x - 19. What are the prime factors of j(k)?
11
Let p(q) = q - 31. Let x be p(31). Suppose x = 2*m - 3486 + 1102. List the prime factors of m.
2, 149
Suppose 10*i = 11*i - 5. Suppose i*f = -3*p + 532, 2*f + p + 98 - 310 = 0. Suppose -3*s = -2*s - f. List the prime factors of s.
2, 13
Suppose -5*n - 3*v = -17348, -3*v - 2*v = -30. What are the prime factors of n?
2, 1733
Suppose 2*z - 17 = -9. List the prime factors of 366 + (-6)/12*z.
2, 7, 13
Suppose 4*x + 5*v = 10046, 0 = -2*x - 3*v - 1375 + 6401. List the prime factors of x.
2, 313
Let u be ((-60)/(-25))/2*5. Suppose u*a + 8 = -16. What are the prime factors of a/1*(-355)/20 + -2?
3, 23
Let p = 1719 + -926. Suppose 5*b + 4*u = 1333, 5*u = -3*b + 6*u + p. List the prime factors of b.
5, 53
Let w(k) = 140*k**2 - 35*k - 144. Let l be w(-4). Let i = -1257 + l. List the prime factors of i.
11, 89
Suppose 3*b + 28 = -2*t + 7*t, t = -b - 4. List the prime factors of (-8145)/(-27) + (4 - (-22)/b).
2, 151
Let g = 13302 + -11945. List the prime factors of g.
23, 59
List the prime factors of -3 + (-883185)/(-39) + (-333)/(-1443).
22643
Let b(o) = o + 65. Suppose 0 = -3*t + 103 - 88. Suppose 0*l - 90 = t*l + 2*y, -5*l = -3*y + 65. What are the prime factors of b(l)?
7
Suppose -2*m + 8 = -3*m. List the prime factors of (m - -4)*-1 + 43 + 0.
47
List the prime factors of (-2)/27 + (-14)/(-567)*323679.
2, 3, 37
Suppose 5445 = -3*a + 3*v - 6*v, a + 4*v + 1800 = 0. Let f = -1073 - a. List the prime factors of f.
3, 83
Let h = -52357 - -31401. List the prime factors of 1/10 - h/40.
2, 131
Let r(z) = z + 1166. Let i be r(0). Let x = i - 712. Suppose -7*d + 99 = -x. What are the prime factors of d?
79
Suppose -127 = -0*c + 5*c + 3*g, -3*c + 3*g - 81 = 0. Let q = c + 36. List the prime factors of 29/2*60/q.
3, 29
Suppose -28*v + 28610 + 50014 = 0. List the prime factors of v.
2, 3, 13
Let f be -2 + -2 - 1*(-5 - 5). Let k(o) be the second derivative of o**5/20 - o**4/12 - o**3/2 - 3*o**2/2 + 3*o. List the prime factors of k(f).
3, 53
Let m be (-7)/((-42)/(-30)) + 91537. List the prime factors of m/266 + 4/(-38).
2, 43
What are the prime factors of (6 + (-77)/21)/((-1)/(-2121))?
7, 101
Let y(r) = 94*r**2 - 179*r - 109. What are the prime factors of y(-12)?
5, 7, 89
Let k be (3 - -3)*(-12 - -11). List the prime factors of (-3)/(((-14)/2541)/((-4)/k)).
3, 11
Suppose -140*v - 42994 = -620494. What are the prime factors of v?
3, 5, 11
Let y(w) = 2*w**2 + 31*w - 2. Let f be y(-18). What are the prime factors of ((5 + -5)/(-1) + 1)*f?
2, 11
List the prime factors of (-5788 - 0)*3/9*-3.
2, 1447
Let p = 3296 - 1817. Let y = p + -735. What are the prime factors of y?
2, 3, 31
Let m = 9662 + 7080. List the prime factors of m.
2, 11, 761
Let g = 685 - -5570. What are the prime factors of g?
3, 5, 139
Let m = 17 + -12. Suppose -2*a = -5*y - a + 35, m*y - 4*a - 20 = 0. Let w(q) = -q**2 + 16*q - 25. What are the prime factors of w(y)?
3, 13
Suppose -44*v + 48*v - 12 = 0. Suppose 3*o - 13 = -5*u, v*u - 1 - 2 = 3*o. Let m = u - -66. List the prime factors of m.
2, 17
Let l(f) be the third derivative of f**5/20 + f**4/4 - 5*f**3/3 + 20*f**2. Let s be l(-10). Let a = s + -96. What are the prime factors of a?
2, 67
Let z(l) be the third derivative of -3*l**4/8 - 25*l**3/6 + 10*l**2 + 3*l. List the prime factors of z(-9).
2, 7
Let n(h) be the third derivative of h**5/60 - 5*h**4/24 - 3*h**3 - 27*h**2. Let s be n(6). Let g(b) = -b**3 - 11*b**2. List the prime factors of g(s).
2, 3
Suppose -139506 - 130890 = -116*n. List the prime factors of n.
3, 7, 37
Let u = 4293 - 2784. Let b = u + -761. What are the prime factors of b?
2, 11, 17
Let z be -5 + (-2 - 186/12)*2. List the prime factors of ((-2661)/(-12))/((-10)/z).
887
Suppose 4695 = 13*s - 456337. Suppose 19*q - s = -3*q. List the prime factors of q.
2, 13, 31
Let w = 376 - -5583. What are the prime factors of w?
59, 101
Let i(j) = 774*j + 12. Let b be i(3). Let s = 3273 - b. List the prime factors of s.
3, 313
Let u(j) = 63*j**2 - 136*j + 984. List the prime factors of u(20).
2, 7, 419
Let z(b) = -7*b**3 + 7*b**2 - 8*b - 25. Let o be z(6). Let w = o - -2375. List the prime factors of w.
2, 521
Let i = -45434 + 81209. List the prime factors of i.
3, 5, 53
Let z(w) = 16*w + 2. Let v be z(0). Suppose 4*o - 4*g - 1144 = 0, 0 = -v*o - 6*g + 3*g + 592. What are the prime factors of o?
2, 5, 29
Suppose 5*y - 89 = -4*u - 0*y, 5*u + 3*y = 121. Let w = u - 20. List the prime factors of ((-44)/8 + w)/((-1)/(-120)).
2, 3, 5
Let t = -6 - -11. Let m be ((-4)/t)/(8/(-20)). What are the prime factors of -1 + 0 + m - -34?
5, 7
Let c(f) = f**3 - 223*f + 223*f - 3*f**2 - 13. Let i be (-2)/(-6)*3/(-2)*-12. What are the prime factors of c(i)?
5, 19
Let t(n) = 93*n**2 - 3*n - 2. Let y be t(-3). Let w = y - 385. List the prime factors of w.
3, 17
Suppose -24*a + 43122 + 224310 = 0. List the prime factors of a.
11, 1013
Let s = -486 + 490. Suppose 3*m + 0*m = s*k - 1521, -5*m + 5 = 0. List the prime factors of k.
3, 127
Suppose -144 = -77*z + 73*z. Let j be (-34 + -8)*z/(-14). Let d = j + -46. What are the prime factors of d?
2, 31
Let b(l) = 305*l**2 + 65*l - 232. What are the prime factors of b(6)?
2, 5569
Suppose 7*k - 11776 = 16203. Suppose -5*d + k + 2423 = 0. List the prime factors of d.
2, 3, 107
Let s = 3412 - -4366. List the prime factors of s.
2, 3889
Let c = 665 + -20. Suppose 4629 + c = 6*s. What are the prime factors of s?
3, 293
Let p = -65 - -77. Let c(o) = o**2 - 13*o + 15. Let z be c(p). Suppose 3*t + z*g - 314 = -2*t, 293 = 5*t - 4*g. List the prime factors of t.
61
Suppose -3*v + 15148 = -18293. What are the prime factors of v?
71, 157
Suppose -3*o - 9 - 14 = x, 4*x + 2*o + 62 = 0. Let y = 218 + -308. List the prime factors of (y - 2)*7/x.
2, 23
Let w(u) = -17*u**3 + u**2 - 2*u - 1. Let j be 5/(10/8) - 0. Let c be 1/(10/j + -3). List the prime factors of w(c).
11, 13
Let i(a) = 443*a - 865. What are the prime factors of i(21)?
2, 4219
Let w be (48/60)/((-4)/(-10))*1. Suppose -5*v = -2*h - 2180, h + 872 = w*v + 6*h. What are the prime factors of v?
2, 109
Let t(o) = o**2 + 3*o - 2. Let f be t(1). Let g(n) = 4 - 4*n**2 - 9*n + 9*n**f + 10*n. What are the prime factors of g(3)?
2, 13
Let i = 395 + 194. Suppose -n = 1, -4*y - 4*n + i = -n. What are the prime factors of y?
2, 37
Let o = 238625 - 141313. List the prime factors of o.
2, 3041
Let k(h) = h**3 + 7*h**2 - 3*h. Let j be (-4*9/(-24))/((-6)/8). Let m be (-2)/(j*3/(-18)). What are the prime factors of k(m)?
2, 3
Suppose 6*v - 339 = 4467. Suppose -v = -2*q + 3*o + 944, -4*o = 3*q - 2660. List the prime factors of q.
2, 5, 11
Suppose 82 + 53 = 45*d. Suppose 3*n = -0*n + 4*k + 113, -d*n - 3*k + 99 = 0. List the prime factors of n.
5, 7
What are the prime factors of 36/30*(-790930)/(-21)?
2, 11299
Let g = 1189 + 1955. Suppose 105*c + g = 109*c. List the prime factors of c.
2, 3, 131
Let t(x) = 42*x**3 - 29*x**2 + 130*x - 16. What are the prime factors of t(5)?
7, 11, 67
Let s(h) = 2*h**2 + 85*h + 166. List the prime factors of s(-121).
19163
Let k(y) = 21*y - 66. Let q(j) = -j**2 - 15*j - 38. Let m be q(-11). What are the prime factors of k(m)?
2, 3, 5
Let r = -119 - -5941. What are the prime factors of r?
2, 41, 71
Let h(i) = 98*i + 84. Let r be h(-5). Let m = r + 739. What are the prime factors of m?
3, 37
Let s = -892 - -1509. Suppose -s = -3*z + 1855. List the prime factors of z.
2, 103
Suppose i = 4*b - 10, 0*i + 10 = -i + 5*b. Let n be 8/10*((-3705)/i - 3). Suppose 0 = -k - 2*k + n. List the prime factors of k.
2, 7
Suppose 13*u = o + 17*u - 24, 96 = 4*o + 5*u. List the prime factors of -6 + 4563/o - 1/8.
2, 23
Let k(a) = -a**3 - 20*a**2 - 7*a - 142. What are the prime factors of k(-25)?
2, 1579
Let y(q) = 3171*q - 40. List the prime factors of y(3).
9473
Let z(m) = m**3 + 2*m**2 + m + 1. Let q(g) = -g**3 + 5*g**2 - 10*g - 15. Let o(v) = q(v) + 2*z(v). Suppose 2*k + 27 = -k. List the prime factors of o(k).
59
Let f = 9518 - -10382. What are the prime factors of f?
2, 5, 199
Suppose 0 = 16*x - 1034 - 582. 